uate -5 + 5 + 2 - -3.
5
What is the value of 1 - 2 - (-46 + 44)?
1
What is the value of (1 - -9) + -6 + -4?
0
Calculate -4 + (0 - -4 - -1).
1
Calculate 0 - 3 - -10 - 6.
1
Evaluate 6 - (-4 + (1 - -14)).
-5
Evaluate -8 + -6 + -5 + 14.
-5
-9 + 17 + (-5 - 1)
2
What is the value of 0 + -7 - (-18 - -13)?
-2
Calculate -23 + 25 - (1 - 5).
6
-3 + 0 + 4 + -3
-2
Evaluate -16 - (-12 - -16 - 11).
-9
What is -2 + 2 + -7 - (-3 + 0)?
-4
What is 39 - 32 - (1 - -9)?
-3
3 + -1 + 2 - (10 - 4)
-2
What is 2 + 0 - (3 + 0 + -1)?
0
What is the value of -14 - 1 - -5 - (-5 + 0)?
-5
2 + 2 - (-5 + 8)
1
-5 + 7 - (1 + -1 + -3)
5
What is 2 + 1 + (-98 - -90)?
-5
-2 + 3 - (30 - 36)
7
Calculate (0 - -3) + (-3 - -8 - 3).
5
What is 11 + -8 - (0 + (1 - -1))?
1
What is the value of 0 + -1 + -6 + -7 + 7?
-7
0 + (-4 - -7 - 4 - 3)
-4
Calculate -5 + 0 - (0 + -2 + 1).
-4
Calculate 1 + (5 - 4) + -6.
-4
Calculate -1 + (-1 - 2 - -3) - -1.
0
What is the value of 2 + 2 - (-3 - -2)?
5
What is the value of 3 - (5 - (-3 + 9))?
4
What is -4 - (0 + (8 - 6))?
-6
Calculate 1 - -3 - (3 + 1).
0
-7 + 3 - (-8 - -1) - 0
3
What is -5 + 0 + (6 - 2)?
-1
What is 3 + (0 + 1 - (1 - -7))?
-4
Evaluate 2 - (0 + 2 + -4 + 1).
3
Evaluate 1 + 3 + -7 + 7.
4
What is -7 + -3 - (-69 + 56)?
3
3 - (9 - 5 - 4)
3
Evaluate (2 - (2 - 0)) + (0 - -2).
2
2 + (1 - -1) + -4
0
Evaluate -1 + (-11 - -14) - (0 + 6).
-4
Evaluate -5 + -1 + -3 + 2 + 5.
-2
-4 + 3 - (0 - 2 - -1)
0
Calculate 0 + (-7 - -5 - 4) + 4.
-2
Evaluate -7 + 2 + (-2 - 1) + 3.
-5
Calculate -9 - (-22 + 1 - -12).
0
0 + (1 - 3 - -4)
2
Evaluate -4 + (7 - -9) + -6.
6
Calculate 7 - (4 - (-2 - -3)).
4
Evaluate (-13 - 1) + (-9 - -5) + 10.
-8
(-18 + 9 - -2) + 16
9
Evaluate (-8 - -2) + 0 + 1.
-5
What is -4 + (-5 + -9 - (1 - 9))?
-10
What is the value of 4 + (-4 + 1 + 2 - 4)?
-1
1 - (1 + (-7 - -9))
-2
Evaluate 4 + 1 - (6 + 3).
-4
4 + (-4 - (-1 - 4)) - 10
-5
(16 - 10) + 3 + -7
2
What is the value of -2 - (3 - 10 - -8)?
-3
What is 3 + -1 - (-1 - (-1 - 2))?
0
-2 + (1 + 1 - (74 + -78))
4
What is the value of 20 + -13 + -18 + 5?
-6
Evaluate (-2 - (7 - (-4 + 9))) + -2.
-6
Calculate 0 + -1 + -4 - -1.
-4
What is 5 + -10 + (-11 - -5 - -5)?
-6
Evaluate 8 - (-11 - -8 - -12).
-1
What is 8 + -8 + 9 - 9?
0
Calculate -3 - (5 - 9) - (0 + -3).
4
Evaluate -7 + (3 - -3 - 3).
-4
What is the value of 1 - 0 - (14 - 18)?
5
-4 - (4 + (3 - 9))
-2
-11 + (-6 - (9 - 4 - 19))
-3
What is (12 - 24 - -13) + 10?
11
1 - (2 - 0) - (3 + -4)
0
(12 - 11) + 1 + (-1 - 0)
1
Evaluate -6 - (-12 + -3 + 8).
1
Evaluate 19 + -21 - ((-6 - -2) + 12).
-10
Calculate -1 - -2 - ((3 - 4) + -1).
3
-1 + -12 - (21 - 31)
-3
Evaluate (4 - ((0 - -3) + -3)) + -6.
-2
7 - (0 + -3 + 2 - -3)
5
Calculate 4 - (-1 - (-7 - -4)).
2
What is the value of (-2 - -9 - (1 - -3)) + -5?
-2
Evaluate (-7 - (4 - 10)) + 4.
3
Calculate 1 + -4 + -3 - (2 + -6).
-2
(11 - 10 - (4 - -3)) + 8
2
Evaluate 4 + -6 + 1 - 2.
-3
What is the value of 6 + -9 + -1 + 2 + 2?
0
Evaluate 7 + -3 - (-1 - -2).
3
What is the value of 2 - (7 + (3 - 9))?
1
Calculate 1 + -5 + 11 + (-17 - -6).
-4
1 - ((-2 - -2) + (-4 - -8))
-3
What is -1 + 1 + (9 - (-2 - -7))?
4
What is the value of 3 + 2 - 2 - -2 - 8?
-3
Evaluate (-4 - -6) + -6 - (-13 - -6).
3
Evaluate -3 + -1 + (-9 - -12).
-1
What is the value of 18 + -10 - -1 - 7?
2
What is 6 - (4 - -8) - (-6 + 0)?
0
Calculate -8 + 4 - (-1 + -1).
-2
What is the value of -7 - (-4 + 2) - (31 - 40)?
4
Evaluate -5 + (36 - 32 - (1 - 3)).
1
Calculate 7 + (-19 - (-1 + -10 + 7)).
-8
What is the value of 0 + (-2 - -1 - (-103 - -99))?
3
-1 - 1 - (8 + -12)
2
What is (-12 - -11) + (4 - 9)?
-6
0 + (5 - 2) + -3
0
0 - (-6 + 3 + 2 + 2)
-1
(-10 - -17 - -2) + (-5 - 1)
3
-8 + (-4 - -19) - 9
-2
(4 - 5) + -2 + (0 - -1)
-2
-6 + 4 + 7 + (0 - 3)
2
What is the value of 8 + (-7 - 5) - (-1 - 0)?
-3
What is 12 - (5 - -6) - (0 - -3)?
-2
What is the value of -22 - (-12 + 2 + -5)?
-7
-1 + (4 - (-4 - -5))
2
7 - (-10 - -10 - -7)
0
Evaluate 9 - (-3 + 4) - 12.
-4
What is the value of -16 + (4 - (-7 - -2))?
-7
Evaluate 0 + -4 + (-4 - (-3 - 2)).
-3
What is -8 - (-9 - (2 + -3) - 7)?
7
(-1 - -1) + (12 - 17)
-5
What is the value of -7 - (7 + (-12 - 2))?
0
What is 0 - (-9 + 9) - (-6 + 0)?
6
Calculate -5 + (1 - 0 - 6 - -6).
-4
Evaluate 54 + -35 - (6 - -6).
7
-11 + 1 + 4 + 11
5
What is the value of -3 - (-2 + 0) - -2?
1
0 + 3 - (-3 - -7 - -1)
-2
Calculate -4 + -1 + 4 + 1.
0
-1 + 4 + -1 + -1 - -4
5
What is the value of 1 - (-1 - -2) - (5 + 0)?
-5
What is -27 + 33 + -4 + (-4 - -1)?
-1
5 + (-5 - (-4 + 3))
1
4 - ((-6 - -5 - 3) + 0)
8
Calculate (-11 - -16) + (1 - 0).
6
What is 6 + (-8 - (-2 - 2))?
2
-1 + (-3 - (-13 - -1))
8
Calculate 7 + (-1 - 2 - (1 + 0)).
3
Calculate 11 + (1 - 8) + (-3 - 0).
1
Evaluate 10 - (19 + -10 - -2).
-1
What is 0 + 5 - (-11 - -15)?
1
7 + 6 + 0 - 5
8
Calculate -3 + 2 + 9 + (-10 - -5).
3
-11 - -13 - (-5 + 3)
4
What is the value of (1 + 2 - (1 + -3)) + -5?
0
-10 + 5 - 2 - (0 + -2)
-5
Calculate -4 + (3 - 2) + -2.
-5
Calculate 1 + (0 + 6 - 5).
2
Calculate 3 + (4 + -8 - -2).
1
What is the value of -3 + (-3 - (-4 + 0 + 1))?
-3
What is the value of -12 + (10 - 4) - 0?
-6
What is the value of 10 + -2 - (3 + 0)?
5
What is the value of 2 + 7 + -2 + -3 + -1?
3
Calculate 9 - 8 - -2 - (1 - -2).
0
Calculate 2 - (-1 - (1 - 9)) - -4.
-1
What is -1 + 0 + 3 + (-27 - -24)?
-1
What is -3 - (4 - 2 - 4)?
-1
Calculate -6 + 0 + 2 + -4 + 9.
1
What is 0 + -4 + 0 + (31 - 31)?
-4
Evaluate -16 + 22 + (-6 - (-2 - 2)).
4
Evaluate (-4 - -5 - (-3 - -3)) + -5.
-4
What is (-1 - (-7 - -10)) + 2?
-2
Calculate (10 - (-3 + 4)) + -7.
2
What is -6 + 1 + 0 + -2 - -4?
-3
Evaluate 6 - 5 - 5 - -3.
-1
Evaluate -6 - (-5 - (-1 - 1)).
-3
What is -3 - (0 + -1 - 0 - 2)?
0
(-4 - -4) + -3 + 1
-2
Calculate -1 - -2 - (-6 + (-5 - -9)).
3
What is (8 - 7) + -2 + (1 - 1)?
-1
What is the value of -2 + -2 - -2 - (-15 + 12)?
1
(3 + 2 - (-5 - 0)) + -5
5
Calculate 6 - (-5 - -4 - -3) - 2.
2
Evaluate -12 + 1 + 4 - (4 + -6).
-5
Calculate 10 - ((3 - -5 - 6) + 0).
8
Evaluate 1 - -3 - 4 - (-9 + 5).
4
Evaluate -28 - -21 - (-2 - 3).
-2
What is the value of -3 + 8 - (-1 + 12 + -1)?
-5
Evaluate 7 - (7 + 1 + -1).
0
1 + -1 - -1 - 4 - -5
2
-2 - (-3 + 1 - -3 - -2)
-5
What is the value of -3 - (13 + -5 - 11)?
0
Calculate 1 + -9 + 4 - (2 - 7).
1
Evaluate -42 - -40 - (1 + -9).
6
What is the value of (-6 + 4 - 1) + -2 - -1?
-4
Calculate (2 - -5) + (-4 - (4 - 4)).
3
What is the value of 7 - (-1 + 1 + -18 + 21)?
4
Evaluate -14 + (-7 - -14 - 0).
-7
What is (-14 - -11) + (5 - -2)?
4
Evaluate (0 - -9 - (2 + 2)) + -6.
-1
Evaluate (2 - 1) + -4 + 1 - 0.
-2
What is 5 + 2 - ((-3 - -1) + 0)?
9
-3 + -1 - (34 - 33)
-5
What is (-53 - -46) + 3 + -1?
-5
3 + (-2 + 1 + 0 - -1)
3
What is -3 + 0 + 4 + (-1 - 2)?
-2
Evaluate -5 + 4 - (-2 + -1) - 1.
1
Evaluate -5 + 3 + (-3 - -2 - 1).
-4
Calculate -8 - (1 - -4 - (15 + -6)).
-4
What is the value of 4 - (9 - (0 + 1))?
-4
Calculate -6 - (-2 + 0) - -4.
0
Evaluate (4 - 3 - 2) + (9 - 4).
4
Calculate 4 - 6 - -8 - 6.
0
What is -4 + 3 + 3 - 5 - -3?
0
Evaluate (-6 - -4 - -1 - -1) + -4.
-4
Evaluate (-2 - 3) + 3 + -2.
-4
What is -8 - (1 + 0 + 3 - 7)?
-5
What is 4 + 4 - 4 - 0?
4
What is the value of -2 + -4 + 8 + (2 - 8)?
-4
Evaluate (5 - (-2 - -1)) + -11.
-5
(6 - 9) + 0 + 4 + 0
1
Calculate (-2 - -7) + -4 - 6.
-5
Calculate 2 + -6 - (-22 - -19).
-1
Calculate -5 - (-16 - -7 - 2).
6
(-2 - (-4 - -6)) + 2
-2
Calculate -2 + (-6 - -8) + 2 + -2.
0
What is the value of 5 - (5 + (-5 - -2 - 2))?
5
What is -2 - (-1 + (0 - 3))?
2
What is 5 + (-4 - 2) + 4 + -11?
-8
What is (-1 - (1 - -1)) + -2?
-5
Evaluate -4 - (-1 + (-4 - -8)).
-7
4 - (4 + 0) - 5
-5
Evaluate (4 - (-3 - -6)) + 2.
3
What is -3 - (4 - 0 - 2 - 0)?
-5
Evaluate -3 + (-3 - -2) + 1.
-3
-2 + 2 + 0 + 0
0
Evaluate 10 + (-9 - (4 + -1 + -7)).
5
Calculate 0 + -12 + 5 + 5.
-2
Evaluate -3 - (-1 - -1) - -1.
-2
(-2 - (-3 + 1 + -3)) + -8
-5
What is the value of -2 + (3 - (2 + -1)) + 4?
4
What is (-12 - -10) + (5 - 1) + -2?
0
What is the value of 4 - ((5 - 1) + -4)?
4
Evaluate 5 + (3 + -9 - 6).
-7
Calculate -11 + (8 - (7 - 6)).
-4
-1 + 1 + -6 + -5 + 7
-4
0 - (6 - (-5 - (-2 + -4)))
-5
Calculate -2 + 0 + 4 + -2.
0
What is the value of 4 - (2 + 0 + 3)?
-1
What is the value of (1 - 1) + -2 + 4 + 2?
4
Calculate -2 - (8 - 5) - -6.
1
Evaluate -5 - ((6 - -1) + -7).
-5
Evaluate 9 + 0 + (40 - 58).
-9
Evaluate 2 